pose -28 = -4*b - 5*i + 13, -b - g = -3*i. Suppose n = b*j + 13, j + 15 = -4*j. Calculate the greatest common divisor of 10 and n.
1
Let b = 120 - 66. Suppose 5*s + 18*k - 30 = 19*k, -k = 0. Calculate the highest common divisor of b and s.
6
Suppose -3*i - 78 = -2*z, 0*z = -z - 5*i + 39. Calculate the highest common factor of z and 247.
13
Suppose 0 = -4*z + 5*c + 31, 3*z + 2*c - 6 = -0*c. Suppose -z*q = -q - 15. What is the highest common factor of 15 and q?
5
Suppose -2*w - 34 = -b, 3*w = -5*b + 4*w + 143. Calculate the greatest common divisor of 28 and b.
28
Let w be 690*1/(20/(-8)). Let l = 129 - w. Suppose a - 3*f - l = -a, f - 591 = -3*a. What is the highest common divisor of a and 18?
18
Let u = -1 - -3. Let f(x) = x**2 - u*x**2 + 17*x + 4 - 6*x. Let w be f(8). What is the highest common divisor of w and 4?
4
Let l = 19 - 13. Let c(z) = z**3 - 5*z**2 + z + 1. Let d be c(l). Suppose -2*p + d = -7. Calculate the highest common factor of 5 and p.
5
Let s = -108 - -220. What is the greatest common factor of 84 and s?
28
Let m(d) = -d**2 - 11*d + 4. Let s be m(-10). Let p(x) = x**2 - 9*x - 16. Let f be p(s). What is the greatest common divisor of f and 36?
18
Suppose -5 = -2*c + 5. Suppose 6*i = c*i - 3. Let m be ((-5)/(-1) + i)*7. Calculate the highest common divisor of 112 and m.
14
Let t = -1038 + 1176. Calculate the greatest common factor of t and 368.
46
Let q(n) = n**3 - 10*n**2 - 9*n. Let l be q(11). Calculate the highest common factor of l and 462.
22
Let o = -738 - -848. Suppose 0*h + 40 = h + 2*p, -2*h + 90 = -p. Calculate the greatest common factor of o and h.
22
Suppose -25*g = -4*g - 4032. Calculate the greatest common divisor of 128 and g.
64
Suppose 5*b - 4*p = p + 1220, -5*p = -3*b + 740. What is the highest common factor of b and 30?
30
Suppose 2*b - 50 = -b + k, b = k + 16. Let t = 16 + 1. What is the greatest common divisor of b and t?
17
Suppose 4*u - q - 127 = 8, 5*q - 95 = -2*u. Let b be (-2)/8*-21*140/u. What is the greatest common divisor of b and 21?
21
Let i be (-1281)/(-28) + (-76)/16 + 5. Calculate the highest common factor of i and 598.
46
Let v(s) = s**2 + 6*s - 4. Let f be v(-8). Let g = 6 - f. Let d be 3/g*(-4 - 14). What is the greatest common factor of d and 6?
3
Let c = -218 - -246. What is the highest common divisor of 4 and c?
4
Suppose 21 = -0*i - 3*i. Let r(t) = 2*t**2 - 40*t + 54. Let l be r(19). Let n = i + l. What is the highest common factor of 9 and n?
9
Suppose 0 = -2*x + 4*u + 1320, 3*x + 2*u - 1955 = 3*u. What is the greatest common divisor of 20 and x?
10
Suppose -2*l + 32 = 4*n - 78, 4*n + 4*l - 100 = 0. Let k be 1*1/((-1)/(-150)). Calculate the greatest common factor of k and n.
30
Let f be ((-60)/25)/(15/(-100)). Calculate the highest common factor of f and 40.
8
Let h be (-1755)/(-30) + 2/4. What is the greatest common factor of h and 472?
59
Suppose 334 = 4*j - 3*m + m, 2*m = -2*j + 152. Suppose -2*q + 137 = 5*c, 21*q - 32 = -c + 16*q. Calculate the greatest common factor of j and c.
27
Suppose 5*q - 1 = 14. Suppose 0 = x + q*x - 5*f - 63, 4*f + 24 = x. Let n = 208 - 202. What is the greatest common factor of n and x?
6
Let x = -169 - -213. Calculate the greatest common factor of x and 22.
22
Let l = -1519 + 1528. Calculate the greatest common factor of 96 and l.
3
Let p(n) = n**3 - 10*n + 2. Let u be p(7). Suppose -4*i + 2*i = 10, 5*g + 5*i - u = 0. What is the greatest common divisor of g and 80?
20
Let u be (-750)/(-16) - 9/(-72). Suppose -2*l = -3*k - u, 0*l - 3*l = -k - 67. What is the highest common divisor of 242 and l?
22
Suppose 5*l = -r + 5, 4 - 9 = -5*l - 4*r. Suppose t = 6*t - 45. Calculate the greatest common factor of l and t.
1
Let j = -527 + 553. What is the greatest common divisor of 351 and j?
13
Let w(z) = 22*z + 14. Let y be w(7). What is the highest common divisor of y and 7?
7
Let r = 70 - 49. Suppose 0 = f - r + 13. What is the greatest common factor of 32 and f?
8
Let f = 1110 + -834. What is the greatest common factor of f and 156?
12
Let a(j) = -j**3 - 2*j**2 + 2*j - 3. Let u be a(-3). Suppose -16*t + 13*t + 18 = u. What is the greatest common divisor of t and 30?
6
Suppose -4*x + 2 = -46. Suppose 11*a + x = 15*a. Calculate the highest common divisor of a and 18.
3
Suppose a = -g + 8, -5*a + 2*g = -55 - 20. Let d be a - (1 + (-1 - -1)). What is the highest common divisor of 8 and d?
4
Let v be (-440)/(-6) + (-6)/(-9). Let x be (111/(-9))/((-1)/3). What is the greatest common divisor of v and x?
37
Let y = -10 + 14. Suppose -3*l - 15 = -y*f - 6, 2*f = 4*l + 2. Let w be (26 - (-2 - -3))/l. Calculate the greatest common factor of w and 275.
25
Suppose -2*v = 3*v - 340. Suppose -v + 4 = -4*o. Let c be -6*(2/(-6))/1. What is the highest common divisor of c and o?
2
Let n be 4 - 7/(28/(-12)). Let d = n - -1. Let o(v) = 3*v**2 - 11*v + 4. Let q be o(d). What is the highest common divisor of 12 and q?
12
Let r(w) = 15*w - 195. Let s be r(15). What is the highest common factor of s and 370?
10
Let q be 7/(((-665)/(-45))/19). Calculate the greatest common divisor of q and 33.
3
Let c(q) = 43*q**2 + 35*q - 36. Let k be c(1). What is the greatest common divisor of k and 1386?
42
Let m be 16 + 6 + (-12)/(-6). What is the greatest common factor of m and 9?
3
Let d(i) = -10*i**3 + 5*i**2 - 7*i + 1. Let r be d(2). Let l = 91 + r. Calculate the highest common factor of l and 36.
18
Let k(p) = p**3 + 7*p**2 - 8*p. Suppose -b - 4*b - 20 = 0. Let s = -3 + b. Let w be k(s). Calculate the highest common factor of w and 7.
7
Suppose 0 = 3*t - 12. Suppose -5*s - 24 = -l - 2*s, 4*s - 160 = -t*l. Suppose 748 = -0*u - 4*u + 764. Calculate the greatest common divisor of l and u.
4
Let v = -2900 + 4655. What is the greatest common factor of v and 65?
65
Let f(q) = q**3 + 9*q**2 - 14*q + 3. Let y be f(-9). Calculate the highest common divisor of y and 43.
43
Let d be (156/10)/(15/50). Let i be (d/(-8))/(2/(-4)). Let k = 130 - 39. Calculate the greatest common divisor of k and i.
13
Let l(w) = 3*w - 5. Let g be l(7). Let c(o) = -o**2 - o. Let i be c(0). Suppose 5*t - 788 + 68 = i. What is the greatest common divisor of g and t?
16
Suppose -w = -l + 34, 21*w = -l + 18*w + 54. What is the greatest common divisor of l and 91?
13
Suppose 1138 - 221 = n. What is the greatest common divisor of 393 and n?
131
Suppose -2*j - 2*j + 280 = 0. Suppose 342 + 498 = 30*r. What is the greatest common divisor of r and j?
14
Let l = 179 + -275. Let f = l - -240. What is the greatest common factor of 96 and f?
48
Let h be -1 - (-1)/(-1 + 2). Suppose h = -4*r + 189 + 159. Calculate the greatest common divisor of r and 29.
29
Let l be (42/14 - 10/4)*14. Calculate the highest common divisor of 161 and l.
7
Let m = -41 + 92. Suppose -h = 2*o + 2*o - 55, -4*o - 5*h = -m. What is the highest common divisor of 112 and o?
14
Let x = 1139 - 957. Calculate the greatest common divisor of 154 and x.
14
Let j be 4*2 + (-4693)/(-19). Calculate the greatest common divisor of j and 34.
17
Suppose g = 3*g - 4. Let l(i) = 2*i - 15*i + 6 + 2 - i**g. Let u be l(-13). What is the highest common factor of u and 24?
8
Suppose 6 = 2*w - 66. Suppose t + w = 4*t. Calculate the greatest common divisor of 96 and t.
12
Let r be (24/(-20) - -3)*(5 - 0). Suppose 0 = -3*u + 4*n - r*n + 252, 3*n + 252 = 3*u. What is the highest common divisor of 28 and u?
28
Let h(l) = -l**2 - 18*l + 57. Let a be h(-20). Suppose 4*b = -41 + 109. Calculate the greatest common factor of b and a.
17
Let x be -13*21/(1 + -4) - 3. Suppose 20 = 4*v - x. What is the greatest common divisor of v and 135?
27
Suppose 3*c + 80 = 5*j, -c = 4*c + 3*j + 190. Let f be c/(-14)*(-12)/10. Let y be -6*((-18)/4 + f). What is the highest common divisor of y and 9?
9
Let x be (0 - -34*2) + 0. Suppose -5*r = 4*a - 60, -a + 5*a = -3*r + x. Suppose -4*w = 2*z - 22, 1 = -w + z + 5. Calculate the highest common factor of w and a.
5
Suppose -5*v = -2*m + 4*m - 55, 4*v - 4*m = 16. Suppose 0 = 8*s - 12*s + 72. Calculate the greatest common factor of v and s.
9
Suppose -4*y + 9 = -y. What is the greatest common divisor of 6 and y?
3
Let j be (-2)/6 - 512/(-6). Let t = 12522 + -12488. What is the highest common divisor of t and j?
17
Suppose -k + 3*k = 0. Suppose 3*y - a - 33 = -0*a, -5*y